{"id":128,"date":"2025-04-08T09:33:33","date_gmt":"2025-04-08T07:33:33","guid":{"rendered":"https:\/\/www.linformagicien.fr\/?page_id=128"},"modified":"2025-04-08T09:33:33","modified_gmt":"2025-04-08T07:33:33","slug":"politique-de-confidentialite","status":"publish","type":"page","link":"https:\/\/www.linformagicien.fr\/index.php\/politique-de-confidentialite\/","title":{"rendered":"Politique de Confidentialit\u00e9"},"content":{"rendered":"\n<h2 class=\"wp-block-heading\">Utilisation et transmission de vos donn\u00e9es personnelles<\/h2>\n\n\n\n<p><br>L\u2019ensemble des donn\u00e9es collect\u00e9es ou que vous nous avez transmises ne sont utilis\u00e9es que pour l\u2019activit\u00e9 de CMCV Consult. Aucune transmission externe ne sera effectu\u00e9e pour des raisons de marketing ou sortant du cadre l\u00e9gal sans votre consentement express et \u00e9clair\u00e9.<\/p>\n\n\n\n<div style=\"height:36px\" aria-hidden=\"true\" class=\"wp-block-spacer\"><\/div>\n\n\n\n<h2 class=\"wp-block-heading\">Dur\u00e9es de stockage de vos donn\u00e9es<\/h2>\n\n\n\n<div style=\"height:36px\" aria-hidden=\"true\" class=\"wp-block-spacer\"><\/div>\n\n\n\n<p>Sauf accord contraire, CMCV Consult se r\u00e9serve le droit de conserver les donn\u00e9es collect\u00e9es et\/ou transmises sans limite de temps.<\/p>\n\n\n\n<div style=\"height:36px\" aria-hidden=\"true\" class=\"wp-block-spacer\"><\/div>\n\n\n\n<h2 class=\"wp-block-heading\">O\u00f9 vos donn\u00e9es sont-elles envoy\u00e9es ?<\/h2>\n\n\n\n<div style=\"height:36px\" aria-hidden=\"true\" class=\"wp-block-spacer\"><\/div>\n\n\n\n<p>Nulle part. L\u2019ensemble des donn\u00e9es collect\u00e9es, que ce soit pour la prospection ou pour la prestation sont stock\u00e9es uniquement dans le cadre de ses activit\u00e9s et sont conserv\u00e9es de fa\u00e7on s\u00e9curis\u00e9e et confidentielle. CMCV Consult s\u2019engage \u00e0 ne jamais les divulguer.<\/p>\n\n\n\n<div style=\"height:36px\" aria-hidden=\"true\" class=\"wp-block-spacer\"><\/div>\n\n\n\n<h2 class=\"wp-block-heading\">Les droits que vous avez sur vos donn\u00e9es<\/h2>\n\n\n\n<div style=\"height:36px\" aria-hidden=\"true\" class=\"wp-block-spacer\"><\/div>\n\n\n\n<p>Vous disposez d\u2019un droit de consultation de l\u2019ensemble des donn\u00e9es que nous avons collect\u00e9es \u00e0 votre sujet. Vous pouvez \u00e9galement demander la suppression des donn\u00e9es personnelles vous concernant. Cela ne prend pas en compte les donn\u00e9es stock\u00e9es \u00e0 des fins administratives, l\u00e9gales ou pour des raisons de s\u00e9curit\u00e9.<\/p>\n\n\n\n<div style=\"height:36px\" aria-hidden=\"true\" class=\"wp-block-spacer\"><\/div>\n\n\n\n<h2 class=\"wp-block-heading\">Contenu embarqu\u00e9 depuis d\u2019autres sites<\/h2>\n\n\n\n<div style=\"height:36px\" aria-hidden=\"true\" class=\"wp-block-spacer\"><\/div>\n\n\n\n<p>Le contenu int\u00e9gr\u00e9 depuis d\u2019autres sites se comporte de la m\u00eame mani\u00e8re que si le visiteur se rendait sur cet autre site.<\/p>\n\n\n\n<p>Ces sites web pourraient collecter des donn\u00e9es sur vous, utiliser des cookies, embarquer des outils de suivis tiers, suivre vos interactions avec ces contenus embarqu\u00e9s si vous disposez d\u2019un compte connect\u00e9 sur leur site web.<\/p>\n\n\n\n<div style=\"height:36px\" aria-hidden=\"true\" class=\"wp-block-spacer\"><\/div>\n\n\n\n<p><strong>L&rsquo;informagicien <\/strong>ne peut \u00eatre tenu pour responsable de la collecte et\/ou de l\u2019usage fait de vos donn\u00e9es par ces sites externes.<\/p>\n","protected":false},"excerpt":{"rendered":"<p>Utilisation et transmission de vos donn\u00e9es personnelles L\u2019ensemble des donn\u00e9es collect\u00e9es ou que vous nous avez transmises ne sont utilis\u00e9es que pour l\u2019activit\u00e9 de CMCV Consult. Aucune transmission externe ne sera effectu\u00e9e pour des raisons de marketing ou sortant du cadre l\u00e9gal sans votre consentement express et \u00e9clair\u00e9. Dur\u00e9es de stockage de vos donn\u00e9es Sauf [&hellip;]<\/p>\n","protected":false},"author":1,"featured_media":0,"parent":0,"menu_order":0,"comment_status":"closed","ping_status":"closed","template":"","meta":{"footnotes":""},"class_list":["post-128","page","type-page","status-publish","hentry"],"_links":{"self":[{"href":"https:\/\/www.linformagicien.fr\/index.php\/wp-json\/wp\/v2\/pages\/128","targetHints":{"allow":["GET"]}}],"collection":[{"href":"https:\/\/www.linformagicien.fr\/index.php\/wp-json\/wp\/v2\/pages"}],"about":[{"href":"https:\/\/www.linformagicien.fr\/index.php\/wp-json\/wp\/v2\/types\/page"}],"author":[{"embeddable":true,"href":"https:\/\/www.linformagicien.fr\/index.php\/wp-json\/wp\/v2\/users\/1"}],"replies":[{"embeddable":true,"href":"https:\/\/www.linformagicien.fr\/index.php\/wp-json\/wp\/v2\/comments?post=128"}],"version-history":[{"count":1,"href":"https:\/\/www.linformagicien.fr\/index.php\/wp-json\/wp\/v2\/pages\/128\/revisions"}],"predecessor-version":[{"id":129,"href":"https:\/\/www.linformagicien.fr\/index.php\/wp-json\/wp\/v2\/pages\/128\/revisions\/129"}],"wp:attachment":[{"href":"https:\/\/www.linformagicien.fr\/index.php\/wp-json\/wp\/v2\/media?parent=128"}],"curies":[{"name":"wp","href":"https:\/\/api.w.org\/{rel}","templated":true}]}}