{"id":145,"date":"2025-04-14T11:09:20","date_gmt":"2025-04-14T09:09:20","guid":{"rendered":"https:\/\/www.linformagicien.fr\/?page_id=145"},"modified":"2025-04-16T09:55:20","modified_gmt":"2025-04-16T07:55:20","slug":"les-modops","status":"publish","type":"page","link":"https:\/\/www.linformagicien.fr\/index.php\/les-modops\/","title":{"rendered":"Les ModOps"},"content":{"rendered":"\n<p>Comme je revendique totalement ma diff\u00e9rence vis-\u00e0-vis de mes confr\u00e8res, vous pourrez retrouver ici plusieurs Modes Op\u00e9ratoires qui vous permettront d&rsquo;\u00eatre autonome sur bon nombre de t\u00e2ches. <\/p>\n\n\n\n<div style=\"height:65px\" aria-hidden=\"true\" class=\"wp-block-spacer\"><\/div>\n\n\n\n<h2 class=\"wp-block-heading has-text-align-center\">Manuels et proc\u00e9dures<\/h2>\n\n\n\n<div style=\"height:30px\" aria-hidden=\"true\" class=\"wp-block-spacer\"><\/div>\n\n\n\n<div class=\"wp-block-columns is-layout-flex wp-container-core-columns-is-layout-28f84493 wp-block-columns-is-layout-flex\" style=\"border-width:1px\">\n<div class=\"wp-block-column is-layout-flow wp-block-column-is-layout-flow\" style=\"flex-basis:50%\">\n<p>Je conseille tr\u00e8s souvent KeePass comme coffre-fort pour les mots de passe. M\u00eame si c&rsquo;est une solution assez intuitive, on manipule des informations sensibles<\/p>\n<\/div>\n\n\n\n<div class=\"wp-block-column is-vertically-aligned-center is-layout-flow wp-block-column-is-layout-flow\" style=\"flex-basis:50%\">\n<div class=\"wp-block-file aligncenter\"><a id=\"wp-block-file--media-ff7628f1-ba21-45e7-adee-d184909629e3\" href=\"https:\/\/www.linformagicien.fr\/wp-content\/uploads\/2025\/04\/Manuel-dutilisation-de-Keepass.pdf\">Manuel d&rsquo;utilisation de Keepass<\/a><a href=\"https:\/\/www.linformagicien.fr\/wp-content\/uploads\/2025\/04\/Manuel-dutilisation-de-Keepass.pdf\" class=\"wp-block-file__button wp-element-button\" download aria-describedby=\"wp-block-file--media-ff7628f1-ba21-45e7-adee-d184909629e3\">T\u00e9l\u00e9charger<\/a><\/div>\n<\/div>\n<\/div>\n\n\n\n<div style=\"height:30px\" aria-hidden=\"true\" class=\"wp-block-spacer\"><\/div>\n\n\n\n<h2 class=\"wp-block-heading has-text-align-center\">Les t\u00e2ches de maintenance<\/h2>\n\n\n\n<div style=\"height:30px\" aria-hidden=\"true\" class=\"wp-block-spacer\"><\/div>\n\n\n\n<div class=\"wp-block-columns is-layout-flex wp-container-core-columns-is-layout-28f84493 wp-block-columns-is-layout-flex\" style=\"border-width:1px\">\n<div class=\"wp-block-column is-layout-flow wp-block-column-is-layout-flow\" style=\"flex-basis:50%\">\n<p>Windows a tendance \u00e0 ne pas faire le m\u00e9nage derri\u00e8re lui. Il peut vite devenir vital de faire du nettoyage sur son disque C :<\/p>\n<\/div>\n\n\n\n<div class=\"wp-block-column is-vertically-aligned-center is-layout-flow wp-block-column-is-layout-flow\" style=\"flex-basis:50%\">\n<div class=\"wp-block-file aligncenter\"><a id=\"wp-block-file--media-01435f29-c363-4d02-a2ee-5090c2345de9\" href=\"https:\/\/www.linformagicien.fr\/wp-content\/uploads\/2025\/04\/Nettoyage-du-disque-Systeme-2.pdf\">Nettoyage du disque Syst\u00e8me<\/a><a href=\"https:\/\/www.linformagicien.fr\/wp-content\/uploads\/2025\/04\/Nettoyage-du-disque-Systeme-2.pdf\" class=\"wp-block-file__button wp-element-button\" download aria-describedby=\"wp-block-file--media-01435f29-c363-4d02-a2ee-5090c2345de9\">T\u00e9l\u00e9charger<\/a><\/div>\n<\/div>\n<\/div>\n\n\n\n<div style=\"height:30px\" aria-hidden=\"true\" class=\"wp-block-spacer\"><\/div>\n\n\n\n<div class=\"wp-block-columns is-layout-flex wp-container-core-columns-is-layout-28f84493 wp-block-columns-is-layout-flex\" style=\"border-width:1px\">\n<div class=\"wp-block-column is-layout-flow wp-block-column-is-layout-flow\" style=\"flex-basis:50%\">\n<p>Une t\u00e2che qu&rsquo;il faut malheureusement faire de fa\u00e7on r\u00e9currente, la v\u00e9rification de disque (Anciennement ScanDisk)<\/p>\n<\/div>\n\n\n\n<div class=\"wp-block-column is-vertically-aligned-center is-layout-flow wp-block-column-is-layout-flow\" style=\"flex-basis:50%\">\n<div class=\"wp-block-file aligncenter\"><a id=\"wp-block-file--media-ef92b1f5-7993-4e21-9614-1d3d0a19b7aa\" href=\"https:\/\/www.linformagicien.fr\/wp-content\/uploads\/2025\/04\/Verification-de-disque.pdf\">V\u00e9rification de disque<\/a><a href=\"https:\/\/www.linformagicien.fr\/wp-content\/uploads\/2025\/04\/Verification-de-disque.pdf\" class=\"wp-block-file__button wp-element-button\" download aria-describedby=\"wp-block-file--media-ef92b1f5-7993-4e21-9614-1d3d0a19b7aa\">T\u00e9l\u00e9charger<\/a><\/div>\n<\/div>\n<\/div>\n\n\n\n<div style=\"height:30px\" aria-hidden=\"true\" class=\"wp-block-spacer\"><\/div>\n\n\n\n<div class=\"wp-block-columns is-layout-flex wp-container-core-columns-is-layout-28f84493 wp-block-columns-is-layout-flex\" style=\"border-width:1px\">\n<div class=\"wp-block-column is-layout-flow wp-block-column-is-layout-flow\" style=\"flex-basis:50%\">\n<p>Il arrive tr\u00e8s fr\u00e9quemment que votre disque syst\u00e8me se remplisse de lui-m\u00eame et arrive \u00e0 saturation. Il se peut que ce soit \u00e0 cause de la M\u00e9moire Virtuelle (Fichier d&rsquo;\u00e9change). Voici un guide pour le d\u00e9placer sur un autre disque.<\/p>\n<\/div>\n\n\n\n<div class=\"wp-block-column is-vertically-aligned-center is-layout-flow wp-block-column-is-layout-flow\" style=\"flex-basis:50%\">\n<div class=\"wp-block-file aligncenter\"><a id=\"wp-block-file--media-311a7e39-76ea-4bea-a037-d016ef38b4f2\" href=\"https:\/\/www.linformagicien.fr\/wp-content\/uploads\/2025\/04\/Modifier-la-memoire-virtuelle.pdf\">Modifier la m\u00e9moire virtuelle<\/a><a href=\"https:\/\/www.linformagicien.fr\/wp-content\/uploads\/2025\/04\/Modifier-la-memoire-virtuelle.pdf\" class=\"wp-block-file__button wp-element-button\" download aria-describedby=\"wp-block-file--media-311a7e39-76ea-4bea-a037-d016ef38b4f2\">T\u00e9l\u00e9charger<\/a><\/div>\n<\/div>\n<\/div>\n\n\n\n<div style=\"height:30px\" aria-hidden=\"true\" class=\"wp-block-spacer\"><\/div>\n\n\n\n<p>Vous n&rsquo;avez pas trouv\u00e9 ce que vous cherchiez, Contactez moi<\/p>\n\n\n\n<div style=\"height:30px\" aria-hidden=\"true\" class=\"wp-block-spacer\"><\/div>\n\n\n\n<div class=\"wp-block-buttons is-content-justification-center is-layout-flex wp-container-core-buttons-is-layout-a89b3969 wp-block-buttons-is-layout-flex\">\n<div class=\"wp-block-button\"><a class=\"wp-block-button__link wp-element-button\" href=\"https:\/\/www.linformagicien.fr\/index.php\/creer-modifier-un-modop\/\">Cr\u00e9er\/Modifier un ModOp<\/a><\/div>\n<\/div>\n","protected":false},"excerpt":{"rendered":"<p>Comme je revendique totalement ma diff\u00e9rence vis-\u00e0-vis de mes confr\u00e8res, vous pourrez retrouver ici plusieurs Modes Op\u00e9ratoires qui vous permettront d&rsquo;\u00eatre autonome sur bon nombre de t\u00e2ches. Manuels et proc\u00e9dures Je conseille tr\u00e8s souvent KeePass comme coffre-fort pour les mots de passe. M\u00eame si c&rsquo;est une solution assez intuitive, on manipule des informations sensibles Les [&hellip;]<\/p>\n","protected":false},"author":1,"featured_media":0,"parent":0,"menu_order":0,"comment_status":"closed","ping_status":"closed","template":"","meta":{"footnotes":""},"class_list":["post-145","page","type-page","status-publish","hentry"],"_links":{"self":[{"href":"https:\/\/www.linformagicien.fr\/index.php\/wp-json\/wp\/v2\/pages\/145","targetHints":{"allow":["GET"]}}],"collection":[{"href":"https:\/\/www.linformagicien.fr\/index.php\/wp-json\/wp\/v2\/pages"}],"about":[{"href":"https:\/\/www.linformagicien.fr\/index.php\/wp-json\/wp\/v2\/types\/page"}],"author":[{"embeddable":true,"href":"https:\/\/www.linformagicien.fr\/index.php\/wp-json\/wp\/v2\/users\/1"}],"replies":[{"embeddable":true,"href":"https:\/\/www.linformagicien.fr\/index.php\/wp-json\/wp\/v2\/comments?post=145"}],"version-history":[{"count":5,"href":"https:\/\/www.linformagicien.fr\/index.php\/wp-json\/wp\/v2\/pages\/145\/revisions"}],"predecessor-version":[{"id":183,"href":"https:\/\/www.linformagicien.fr\/index.php\/wp-json\/wp\/v2\/pages\/145\/revisions\/183"}],"wp:attachment":[{"href":"https:\/\/www.linformagicien.fr\/index.php\/wp-json\/wp\/v2\/media?parent=145"}],"curies":[{"name":"wp","href":"https:\/\/api.w.org\/{rel}","templated":true}]}}