{"id":263,"date":"2025-04-24T11:48:06","date_gmt":"2025-04-24T09:48:06","guid":{"rendered":"https:\/\/www.linformagicien.fr\/?page_id=263"},"modified":"2025-04-24T11:48:06","modified_gmt":"2025-04-24T09:48:06","slug":"demande-de-devis","status":"publish","type":"page","link":"https:\/\/www.linformagicien.fr\/index.php\/demande-de-devis\/","title":{"rendered":"Demande de devis"},"content":{"rendered":"\n<p>Veuillez remplir et envoyer le formulaire ci-dessous. Je vous recontacterai dans les meilleurs delais.<\/p>\n\n\n\n<div style=\"height:30px\" aria-hidden=\"true\" class=\"wp-block-spacer\"><\/div>\n\n\n<style id=\"wpforms-css-vars-255\">\n\t\t\t\t#wpforms-255 {\n\t\t\t\t\n\t\t\t}\n\t\t\t<\/style><div class=\"wpforms-container wpforms-container-full wpforms-render-modern\" id=\"wpforms-255\"><form id=\"wpforms-form-255\" class=\"wpforms-validate wpforms-form wpforms-ajax-form\" data-formid=\"255\" method=\"post\" enctype=\"multipart\/form-data\" action=\"\/index.php\/wp-json\/wp\/v2\/pages\/263\" data-token=\"a7e574e1e489630ef11c5b92a06f756b\" data-token-time=\"1778072658\"><noscript class=\"wpforms-error-noscript\">Veuillez activer JavaScript dans votre navigateur pour remplir ce formulaire.<\/noscript><div id=\"wpforms-error-noscript\" style=\"display: none;\">Veuillez activer JavaScript dans votre navigateur pour remplir ce formulaire.<\/div><div class=\"wpforms-field-container\"><div id=\"wpforms-255-field_1-container\" class=\"wpforms-field wpforms-field-name\" data-field-id=\"1\"><fieldset><legend class=\"wpforms-field-label\">Nom <span class=\"wpforms-required-label\" aria-hidden=\"true\">*<\/span><\/legend><div class=\"wpforms-field-row wpforms-field-medium\"><div class=\"wpforms-field-row-block wpforms-first wpforms-one-half\"><input type=\"text\" id=\"wpforms-255-field_1\" class=\"wpforms-field-name-first wpforms-field-required\" name=\"wpforms[fields][1][first]\" aria-errormessage=\"wpforms-255-field_1-error\" required><label for=\"wpforms-255-field_1\" class=\"wpforms-field-sublabel after\">Pr\u00e9nom<\/label><\/div><div class=\"wpforms-field-row-block wpforms-one-half\"><input type=\"text\" id=\"wpforms-255-field_1-last\" class=\"wpforms-field-name-last wpforms-field-required\" name=\"wpforms[fields][1][last]\" aria-errormessage=\"wpforms-255-field_1-last-error\" required><label for=\"wpforms-255-field_1-last\" class=\"wpforms-field-sublabel after\">Nom<\/label><\/div><\/div><\/fieldset><\/div><div id=\"wpforms-255-field_2-container\" class=\"wpforms-field wpforms-field-text\" data-field-id=\"2\"><label class=\"wpforms-field-label\" for=\"wpforms-255-field_2\">Raison sociale <span class=\"wpforms-required-label\" aria-hidden=\"true\">*<\/span><\/label><input type=\"text\" id=\"wpforms-255-field_2\" class=\"wpforms-field-medium wpforms-field-required\" name=\"wpforms[fields][2]\" aria-errormessage=\"wpforms-255-field_2-error\" required><\/div><div id=\"wpforms-255-field_3-container\" class=\"wpforms-field wpforms-field-email\" data-field-id=\"3\"><label class=\"wpforms-field-label\" for=\"wpforms-255-field_3\">E-mail <span class=\"wpforms-required-label\" aria-hidden=\"true\">*<\/span><\/label><input type=\"email\" id=\"wpforms-255-field_3\" class=\"wpforms-field-medium wpforms-field-required\" name=\"wpforms[fields][3]\" spellcheck=\"false\" aria-errormessage=\"wpforms-255-field_3-error\" required><\/div>\t\t<div id=\"wpforms-255-field_4-container\"\n\t\t\tclass=\"wpforms-field wpforms-field-text\"\n\t\t\tdata-field-type=\"text\"\n\t\t\tdata-field-id=\"4\"\n\t\t\t>\n\t\t\t<label class=\"wpforms-field-label\" for=\"wpforms-255-field_4\" >est ? taille<\/label>\n\t\t\t<input type=\"text\" id=\"wpforms-255-field_4\" class=\"wpforms-field-medium\" name=\"wpforms[fields][4]\" >\n\t\t<\/div>\n\t\t<div id=\"wpforms-255-field_5-container\" class=\"wpforms-field wpforms-field-text\" data-field-id=\"5\"><label class=\"wpforms-field-label\" for=\"wpforms-255-field_5\">Num\u00e9ro de t\u00e9l\u00e9phone <span class=\"wpforms-required-label\" aria-hidden=\"true\">*<\/span><\/label><input type=\"text\" id=\"wpforms-255-field_5\" class=\"wpforms-field-medium wpforms-field-required\" name=\"wpforms[fields][5]\" aria-errormessage=\"wpforms-255-field_5-error\" required><\/div><div id=\"wpforms-255-field_8-container\" class=\"wpforms-field wpforms-field-radio wpforms-list-3-columns\" data-field-id=\"8\"><fieldset><legend class=\"wpforms-field-label\">Quelle est la taille de votre entreprise ? (nombre de collaborateurs <span class=\"wpforms-required-label\" aria-hidden=\"true\">*<\/span><\/legend><ul id=\"wpforms-255-field_8\" class=\"wpforms-field-required\"><li class=\"choice-1 depth-1\"><input type=\"radio\" id=\"wpforms-255-field_8_1\" name=\"wpforms[fields][8]\" value=\"Ind\u00e9pendant\/Freelance\" aria-errormessage=\"wpforms-255-field_8_1-error\" required ><label class=\"wpforms-field-label-inline\" for=\"wpforms-255-field_8_1\">Ind\u00e9pendant\/Freelance<\/label><\/li><li class=\"choice-2 depth-1\"><input type=\"radio\" id=\"wpforms-255-field_8_2\" name=\"wpforms[fields][8]\" value=\"2 \u00e0 5\" aria-errormessage=\"wpforms-255-field_8_2-error\" required ><label class=\"wpforms-field-label-inline\" for=\"wpforms-255-field_8_2\">2 \u00e0 5<\/label><\/li><li class=\"choice-3 depth-1\"><input type=\"radio\" id=\"wpforms-255-field_8_3\" name=\"wpforms[fields][8]\" value=\"6 \u00e0 10\" aria-errormessage=\"wpforms-255-field_8_3-error\" required ><label class=\"wpforms-field-label-inline\" for=\"wpforms-255-field_8_3\">6 \u00e0 10<\/label><\/li><li class=\"choice-4 depth-1\"><input type=\"radio\" id=\"wpforms-255-field_8_4\" name=\"wpforms[fields][8]\" value=\"11 \u00e0 20\" aria-errormessage=\"wpforms-255-field_8_4-error\" required ><label class=\"wpforms-field-label-inline\" for=\"wpforms-255-field_8_4\">11 \u00e0 20<\/label><\/li><li class=\"choice-5 depth-1\"><input type=\"radio\" id=\"wpforms-255-field_8_5\" name=\"wpforms[fields][8]\" value=\"Plus de 20\" aria-errormessage=\"wpforms-255-field_8_5-error\" required ><label class=\"wpforms-field-label-inline\" for=\"wpforms-255-field_8_5\">Plus de 20<\/label><\/li><\/ul><\/fieldset><\/div><div id=\"wpforms-255-field_10-container\" class=\"wpforms-field wpforms-field-radio wpforms-list-3-columns\" data-field-id=\"10\"><fieldset><legend class=\"wpforms-field-label\">Combien avez vous d&#039;ordinateurs\/\u00e9quipements ? <span class=\"wpforms-required-label\" aria-hidden=\"true\">*<\/span><\/legend><ul id=\"wpforms-255-field_10\" class=\"wpforms-field-required\"><li class=\"choice-1 depth-1\"><input type=\"radio\" id=\"wpforms-255-field_10_1\" name=\"wpforms[fields][10]\" value=\"1\" aria-errormessage=\"wpforms-255-field_10_1-error\" required ><label class=\"wpforms-field-label-inline\" for=\"wpforms-255-field_10_1\">1<\/label><\/li><li class=\"choice-2 depth-1\"><input type=\"radio\" id=\"wpforms-255-field_10_2\" name=\"wpforms[fields][10]\" value=\"2 \u00e0 5\" aria-errormessage=\"wpforms-255-field_10_2-error\" required ><label class=\"wpforms-field-label-inline\" for=\"wpforms-255-field_10_2\">2 \u00e0 5<\/label><\/li><li class=\"choice-3 depth-1\"><input type=\"radio\" id=\"wpforms-255-field_10_3\" name=\"wpforms[fields][10]\" value=\"6 \u00e0 10\" aria-errormessage=\"wpforms-255-field_10_3-error\" required ><label class=\"wpforms-field-label-inline\" for=\"wpforms-255-field_10_3\">6 \u00e0 10<\/label><\/li><li class=\"choice-4 depth-1\"><input type=\"radio\" id=\"wpforms-255-field_10_4\" name=\"wpforms[fields][10]\" value=\"11 \u00e0 20\" aria-errormessage=\"wpforms-255-field_10_4-error\" required ><label class=\"wpforms-field-label-inline\" for=\"wpforms-255-field_10_4\">11 \u00e0 20<\/label><\/li><li class=\"choice-5 depth-1\"><input type=\"radio\" id=\"wpforms-255-field_10_5\" name=\"wpforms[fields][10]\" value=\"Plus de 20\" aria-errormessage=\"wpforms-255-field_10_5-error\" required ><label class=\"wpforms-field-label-inline\" for=\"wpforms-255-field_10_5\">Plus de 20<\/label><\/li><\/ul><\/fieldset><\/div><div id=\"wpforms-255-field_9-container\" class=\"wpforms-field wpforms-field-checkbox wpforms-list-3-columns\" data-field-id=\"9\"><fieldset><legend class=\"wpforms-field-label\">Pour quels services me contactez vous ? <span class=\"wpforms-required-label\" aria-hidden=\"true\">*<\/span><\/legend><ul id=\"wpforms-255-field_9\" class=\"wpforms-field-required\"><li class=\"choice-1 depth-1\"><input type=\"checkbox\" id=\"wpforms-255-field_9_1\" name=\"wpforms[fields][9][]\" value=\"Bilan de votre informatique\" aria-errormessage=\"wpforms-255-field_9_1-error\" required ><label class=\"wpforms-field-label-inline\" for=\"wpforms-255-field_9_1\">Bilan de votre informatique<\/label><\/li><li class=\"choice-2 depth-1\"><input type=\"checkbox\" id=\"wpforms-255-field_9_2\" name=\"wpforms[fields][9][]\" value=\"Gestion de parc\" aria-errormessage=\"wpforms-255-field_9_2-error\" required ><label class=\"wpforms-field-label-inline\" for=\"wpforms-255-field_9_2\">Gestion de parc<\/label><\/li><li class=\"choice-3 depth-1\"><input type=\"checkbox\" id=\"wpforms-255-field_9_3\" name=\"wpforms[fields][9][]\" value=\"Gestion de prestataires\" aria-errormessage=\"wpforms-255-field_9_3-error\" required ><label class=\"wpforms-field-label-inline\" for=\"wpforms-255-field_9_3\">Gestion de prestataires<\/label><\/li><li class=\"choice-4 depth-1\"><input type=\"checkbox\" id=\"wpforms-255-field_9_4\" name=\"wpforms[fields][9][]\" value=\"Gestion de projet\" aria-errormessage=\"wpforms-255-field_9_4-error\" required ><label class=\"wpforms-field-label-inline\" for=\"wpforms-255-field_9_4\">Gestion de projet<\/label><\/li><li class=\"choice-5 depth-1\"><input type=\"checkbox\" id=\"wpforms-255-field_9_5\" name=\"wpforms[fields][9][]\" value=\"Plan de continuit\u00e9 d&#039;activit\u00e9\" aria-errormessage=\"wpforms-255-field_9_5-error\" required ><label class=\"wpforms-field-label-inline\" for=\"wpforms-255-field_9_5\">Plan de continuit\u00e9 d'activit\u00e9<\/label><\/li><li class=\"choice-6 depth-1\"><input type=\"checkbox\" id=\"wpforms-255-field_9_6\" name=\"wpforms[fields][9][]\" value=\"Plan de reprise d&#039;activit\u00e9\" aria-errormessage=\"wpforms-255-field_9_6-error\" required ><label class=\"wpforms-field-label-inline\" for=\"wpforms-255-field_9_6\">Plan de reprise d'activit\u00e9<\/label><\/li><li class=\"choice-9 depth-1\"><input type=\"checkbox\" id=\"wpforms-255-field_9_9\" name=\"wpforms[fields][9][]\" value=\"Autre\" aria-errormessage=\"wpforms-255-field_9_9-error\" required ><label class=\"wpforms-field-label-inline\" for=\"wpforms-255-field_9_9\">Autre<\/label><\/li><\/ul><\/fieldset><\/div><div id=\"wpforms-255-field_6-container\" class=\"wpforms-field wpforms-field-textarea\" data-field-id=\"6\"><label class=\"wpforms-field-label\" for=\"wpforms-255-field_6\">Veuillez pr\u00e9ciser votre demande <span class=\"wpforms-required-label\" aria-hidden=\"true\">*<\/span><\/label><textarea id=\"wpforms-255-field_6\" class=\"wpforms-field-medium wpforms-field-required\" name=\"wpforms[fields][6]\" aria-errormessage=\"wpforms-255-field_6-error\" required><\/textarea><\/div><script>\n\t\t\t\t( function() {\n\t\t\t\t\tconst style = document.createElement( 'style' );\n\t\t\t\t\tstyle.appendChild( document.createTextNode( '#wpforms-255-field_4-container { position: absolute !important; overflow: hidden !important; display: inline !important; height: 1px !important; width: 1px !important; z-index: -1000 !important; padding: 0 !important; } #wpforms-255-field_4-container input { visibility: hidden; } #wpforms-conversational-form-page #wpforms-255-field_4-container label { counter-increment: none; }' ) );\n\t\t\t\t\tdocument.head.appendChild( style );\n\t\t\t\t\tdocument.currentScript?.remove();\n\t\t\t\t} )();\n\t\t\t<\/script><\/div><!-- .wpforms-field-container --><div class=\"wpforms-recaptcha-container wpforms-is-recaptcha wpforms-is-recaptcha-type-v3\" ><input type=\"hidden\" name=\"wpforms[recaptcha]\" value=\"\"><\/div><div class=\"wpforms-submit-container\" ><input type=\"hidden\" name=\"wpforms[id]\" value=\"255\"><input type=\"hidden\" name=\"page_title\" value=\"\"><input type=\"hidden\" name=\"page_url\" value=\"https:\/\/www.linformagicien.fr\/index.php\/wp-json\/wp\/v2\/pages\/263\"><input type=\"hidden\" name=\"url_referer\" value=\"\"><button type=\"submit\" name=\"wpforms[submit]\" id=\"wpforms-submit-255\" class=\"wpforms-submit\" data-alt-text=\"Envoi...\" data-submit-text=\"Envoyer\" aria-live=\"assertive\" value=\"wpforms-submit\">Envoyer<\/button><img loading=\"lazy\" decoding=\"async\" src=\"https:\/\/www.linformagicien.fr\/wp-content\/plugins\/wpforms-lite\/assets\/images\/submit-spin.svg\" class=\"wpforms-submit-spinner\" style=\"display: none;\" width=\"26\" height=\"26\" alt=\"Chargement en cours\"><\/div><\/form><\/div>  <!-- .wpforms-container -->\n","protected":false},"excerpt":{"rendered":"<p>Veuillez remplir et envoyer le formulaire ci-dessous. Je vous recontacterai dans les meilleurs delais.<\/p>\n","protected":false},"author":1,"featured_media":0,"parent":0,"menu_order":0,"comment_status":"closed","ping_status":"closed","template":"","meta":{"footnotes":""},"class_list":["post-263","page","type-page","status-publish","hentry"],"_links":{"self":[{"href":"https:\/\/www.linformagicien.fr\/index.php\/wp-json\/wp\/v2\/pages\/263","targetHints":{"allow":["GET"]}}],"collection":[{"href":"https:\/\/www.linformagicien.fr\/index.php\/wp-json\/wp\/v2\/pages"}],"about":[{"href":"https:\/\/www.linformagicien.fr\/index.php\/wp-json\/wp\/v2\/types\/page"}],"author":[{"embeddable":true,"href":"https:\/\/www.linformagicien.fr\/index.php\/wp-json\/wp\/v2\/users\/1"}],"replies":[{"embeddable":true,"href":"https:\/\/www.linformagicien.fr\/index.php\/wp-json\/wp\/v2\/comments?post=263"}],"version-history":[{"count":1,"href":"https:\/\/www.linformagicien.fr\/index.php\/wp-json\/wp\/v2\/pages\/263\/revisions"}],"predecessor-version":[{"id":264,"href":"https:\/\/www.linformagicien.fr\/index.php\/wp-json\/wp\/v2\/pages\/263\/revisions\/264"}],"wp:attachment":[{"href":"https:\/\/www.linformagicien.fr\/index.php\/wp-json\/wp\/v2\/media?parent=263"}],"curies":[{"name":"wp","href":"https:\/\/api.w.org\/{rel}","templated":true}]}}